{"id":17,"date":"2012-12-07T00:26:19","date_gmt":"2012-12-06T22:26:19","guid":{"rendered":"http:\/\/www.ffbopen.de\/?page_id=17"},"modified":"2013-05-14T10:25:53","modified_gmt":"2013-05-14T08:25:53","slug":"fotogalerie","status":"publish","type":"page","link":"https:\/\/www.ffbopen.de\/?page_id=17","title":{"rendered":"Fotos"},"content":{"rendered":"<p style=\"text-align: center;\">Fotos \u00a9 Jessica &amp; Adrian Hirn &#8211; F\u00fcr eine gr\u00f6\u00dfere Version bitte auf das jeweilige Foto klicken!<\/p>\n<p style=\"text-align: center;\"><strong>Fotos aus dem Turnier<\/strong><\/p>\n<table width=\"100%\">\n<tbody>\n<tr>\n<td><a href=\"http:\/\/www.ffbopen.de\/wp-content\/uploads\/2013\/02\/DSC_0002.jpg\" target=\"_blank\"><img decoding=\"async\" class=\"aligncenter wp-image-638\" alt=\"tus\" src=\"http:\/\/www.ffbopen.de\/wp-content\/uploads\/2013\/02\/001DSC_0002.jpg\" width=\"80%\" height=\"80%\" \/><\/a><\/td>\n<td><a href=\"http:\/\/www.ffbopen.de\/wp-content\/uploads\/2013\/02\/DSC_0003.jpg\" target=\"_blank\"><img decoding=\"async\" class=\"aligncenter wp-image-638\" alt=\"tus\" src=\"http:\/\/www.ffbopen.de\/wp-content\/uploads\/2013\/02\/001DSC_0003.jpg\" width=\"80%\" height=\"80%\" \/><\/a><\/td>\n<td><a href=\"http:\/\/www.ffbopen.de\/wp-content\/uploads\/2013\/02\/DSC_0004.jpg\" target=\"_blank\"><img decoding=\"async\" class=\"aligncenter wp-image-638\" alt=\"tus\" src=\"http:\/\/www.ffbopen.de\/wp-content\/uploads\/2013\/02\/001DSC_0004.jpg\" width=\"80%\" height=\"80%\" \/><\/a><\/td>\n<\/tr>\n<tr>\n<td><a href=\"http:\/\/www.ffbopen.de\/wp-content\/uploads\/2013\/02\/DSC_0006.jpg\" target=\"_blank\"><img decoding=\"async\" class=\"aligncenter wp-image-638\" alt=\"tus\" src=\"http:\/\/www.ffbopen.de\/wp-content\/uploads\/2013\/02\/001DSC_0006.jpg\" width=\"80%\" height=\"80%\" \/><\/a><\/td>\n<td><a href=\"http:\/\/www.ffbopen.de\/wp-content\/uploads\/2013\/02\/DSC_0007.jpg\" target=\"_blank\"><img decoding=\"async\" class=\"aligncenter wp-image-638\" alt=\"tus\" src=\"http:\/\/www.ffbopen.de\/wp-content\/uploads\/2013\/02\/001DSC_0007.jpg\" width=\"80%\" height=\"80%\" \/><\/a><\/td>\n<td><a href=\"http:\/\/www.ffbopen.de\/wp-content\/uploads\/2013\/02\/DSC_0009.jpg\" target=\"_blank\"><img decoding=\"async\" class=\"aligncenter wp-image-638\" alt=\"tus\" src=\"http:\/\/www.ffbopen.de\/wp-content\/uploads\/2013\/02\/001DSC_0009.jpg\" width=\"80%\" height=\"80%\" \/><\/a><\/td>\n<\/tr>\n<tr>\n<td><a href=\"http:\/\/www.ffbopen.de\/wp-content\/uploads\/2013\/02\/DSC_0010.jpg\" target=\"_blank\"><img decoding=\"async\" class=\"aligncenter wp-image-638\" alt=\"tus\" src=\"http:\/\/www.ffbopen.de\/wp-content\/uploads\/2013\/02\/001DSC_0010.jpg\" width=\"80%\" height=\"80%\" \/><\/a><\/td>\n<td><a href=\"http:\/\/www.ffbopen.de\/wp-content\/uploads\/2013\/02\/DSC_0011.jpg\" target=\"_blank\"><img decoding=\"async\" class=\"aligncenter wp-image-638\" alt=\"tus\" src=\"http:\/\/www.ffbopen.de\/wp-content\/uploads\/2013\/02\/001DSC_0011.jpg\" width=\"80%\" height=\"80%\" \/><\/a><\/td>\n<td><a href=\"http:\/\/www.ffbopen.de\/wp-content\/uploads\/2013\/02\/DSC_0013.jpg\" target=\"_blank\"><img decoding=\"async\" class=\"aligncenter wp-image-638\" alt=\"tus\" src=\"http:\/\/www.ffbopen.de\/wp-content\/uploads\/2013\/02\/001DSC_0013.jpg\" width=\"80%\" height=\"80%\" \/><\/a><\/td>\n<\/tr>\n<tr>\n<td><a href=\"http:\/\/www.ffbopen.de\/wp-content\/uploads\/2013\/02\/DSC_0015.jpg\" target=\"_blank\"><img decoding=\"async\" class=\"aligncenter wp-image-638\" alt=\"tus\" src=\"http:\/\/www.ffbopen.de\/wp-content\/uploads\/2013\/02\/001DSC_0015.jpg\" width=\"80%\" height=\"80%\" \/><\/a><\/td>\n<td><a href=\"http:\/\/www.ffbopen.de\/wp-content\/uploads\/2013\/02\/DSC_0016.jpg\" target=\"_blank\"><img decoding=\"async\" class=\"aligncenter wp-image-638\" alt=\"tus\" src=\"http:\/\/www.ffbopen.de\/wp-content\/uploads\/2013\/02\/001DSC_0016.jpg\" width=\"80%\" height=\"80%\" \/><\/a><\/td>\n<td><a href=\"http:\/\/www.ffbopen.de\/wp-content\/uploads\/2013\/02\/DSC_0018.jpg\" target=\"_blank\"><img decoding=\"async\" class=\"aligncenter wp-image-638\" alt=\"tus\" src=\"http:\/\/www.ffbopen.de\/wp-content\/uploads\/2013\/02\/001DSC_0018.jpg\" width=\"80%\" height=\"80%\" \/><\/a><\/td>\n<\/tr>\n<tr>\n<td><a href=\"http:\/\/www.ffbopen.de\/wp-content\/uploads\/2013\/02\/DSC_0024.jpg\" target=\"_blank\"><img decoding=\"async\" class=\"aligncenter wp-image-638\" alt=\"tus\" src=\"http:\/\/www.ffbopen.de\/wp-content\/uploads\/2013\/02\/001DSC_0024.jpg\" width=\"80%\" height=\"80%\" \/><\/a><\/td>\n<td><a href=\"http:\/\/www.ffbopen.de\/wp-content\/uploads\/2013\/02\/DSC_0029.jpg\" target=\"_blank\"><img decoding=\"async\" class=\"aligncenter wp-image-638\" alt=\"tus\" src=\"http:\/\/www.ffbopen.de\/wp-content\/uploads\/2013\/02\/001DSC_0029.jpg\" width=\"80%\" height=\"80%\" \/><\/a><\/td>\n<td><a href=\"http:\/\/www.ffbopen.de\/wp-content\/uploads\/2013\/02\/DSC_0030.jpg\" target=\"_blank\"><img decoding=\"async\" class=\"aligncenter wp-image-638\" alt=\"tus\" src=\"http:\/\/www.ffbopen.de\/wp-content\/uploads\/2013\/02\/001DSC_0030.jpg\" width=\"80%\" height=\"80%\" \/><\/a><\/td>\n<\/tr>\n<tr>\n<td><a href=\"http:\/\/www.ffbopen.de\/wp-content\/uploads\/2013\/02\/DSC_0035.jpg\" target=\"_blank\"><img decoding=\"async\" class=\"aligncenter wp-image-638\" alt=\"tus\" src=\"http:\/\/www.ffbopen.de\/wp-content\/uploads\/2013\/02\/001DSC_0035.jpg\" width=\"80%\" height=\"80%\" \/><\/a><\/td>\n<td><a href=\"http:\/\/www.ffbopen.de\/wp-content\/uploads\/2013\/02\/DSC_0038.jpg\" target=\"_blank\"><img decoding=\"async\" class=\"aligncenter wp-image-638\" alt=\"tus\" src=\"http:\/\/www.ffbopen.de\/wp-content\/uploads\/2013\/02\/001DSC_0038.jpg\" width=\"80%\" height=\"80%\" \/><\/a><\/td>\n<td><a href=\"http:\/\/www.ffbopen.de\/wp-content\/uploads\/2013\/02\/DSC_0042.jpg\" target=\"_blank\"><img decoding=\"async\" class=\"aligncenter wp-image-638\" alt=\"tus\" src=\"http:\/\/www.ffbopen.de\/wp-content\/uploads\/2013\/02\/001DSC_0042.jpg\" width=\"80%\" height=\"80%\" \/><\/a><\/td>\n<\/tr>\n<tr>\n<td><a href=\"http:\/\/www.ffbopen.de\/wp-content\/uploads\/2013\/02\/DSC_0046.jpg\" target=\"_blank\"><img decoding=\"async\" class=\"aligncenter wp-image-638\" alt=\"tus\" src=\"http:\/\/www.ffbopen.de\/wp-content\/uploads\/2013\/02\/001DSC_0046.jpg\" width=\"80%\" height=\"80%\" \/><\/a><\/td>\n<td><a href=\"http:\/\/www.ffbopen.de\/wp-content\/uploads\/2013\/02\/DSC_0047.jpg\" target=\"_blank\"><img decoding=\"async\" class=\"aligncenter wp-image-638\" alt=\"tus\" src=\"http:\/\/www.ffbopen.de\/wp-content\/uploads\/2013\/02\/001DSC_0047.jpg\" width=\"80%\" height=\"80%\" \/><\/a><\/td>\n<td><a href=\"http:\/\/www.ffbopen.de\/wp-content\/uploads\/2013\/02\/DSC_0049.jpg\" target=\"_blank\"><img decoding=\"async\" class=\"aligncenter wp-image-638\" alt=\"tus\" src=\"http:\/\/www.ffbopen.de\/wp-content\/uploads\/2013\/02\/001DSC_0049.jpg\" width=\"80%\" height=\"80%\" \/><\/a><\/td>\n<\/tr>\n<tr>\n<td><a href=\"http:\/\/www.ffbopen.de\/wp-content\/uploads\/2013\/02\/DSC_0051.jpg\" target=\"_blank\"><img decoding=\"async\" class=\"aligncenter wp-image-638\" alt=\"tus\" src=\"http:\/\/www.ffbopen.de\/wp-content\/uploads\/2013\/02\/001DSC_0051.jpg\" width=\"80%\" height=\"80%\" \/><\/a><\/td>\n<td><a href=\"http:\/\/www.ffbopen.de\/wp-content\/uploads\/2013\/02\/DSC_0053.jpg\" target=\"_blank\"><img decoding=\"async\" class=\"aligncenter wp-image-638\" alt=\"tus\" src=\"http:\/\/www.ffbopen.de\/wp-content\/uploads\/2013\/02\/001DSC_0053.jpg\" width=\"80%\" height=\"80%\" \/><\/a><\/td>\n<td><a href=\"http:\/\/www.ffbopen.de\/wp-content\/uploads\/2013\/02\/DSC_0054.jpg\" target=\"_blank\"><img decoding=\"async\" class=\"aligncenter wp-image-638\" alt=\"tus\" src=\"http:\/\/www.ffbopen.de\/wp-content\/uploads\/2013\/02\/001DSC_0054.jpg\" width=\"80%\" height=\"80%\" \/><\/a><\/td>\n<\/tr>\n<tr>\n<td><a href=\"http:\/\/www.ffbopen.de\/wp-content\/uploads\/2013\/02\/DSC_0055.jpg\" target=\"_blank\"><img decoding=\"async\" class=\"aligncenter wp-image-638\" alt=\"tus\" src=\"http:\/\/www.ffbopen.de\/wp-content\/uploads\/2013\/02\/001DSC_0055.jpg\" width=\"80%\" height=\"80%\" \/><\/a><\/td>\n<td><a href=\"http:\/\/www.ffbopen.de\/wp-content\/uploads\/2013\/02\/DSC_0058.jpg\" target=\"_blank\"><img decoding=\"async\" class=\"aligncenter wp-image-638\" alt=\"tus\" src=\"http:\/\/www.ffbopen.de\/wp-content\/uploads\/2013\/02\/001DSC_0058.jpg\" width=\"80%\" height=\"80%\" \/><\/a><\/td>\n<td><a href=\"http:\/\/www.ffbopen.de\/wp-content\/uploads\/2013\/02\/DSC_0059.jpg\" target=\"_blank\"><img decoding=\"async\" class=\"aligncenter wp-image-638\" alt=\"tus\" src=\"http:\/\/www.ffbopen.de\/wp-content\/uploads\/2013\/02\/001DSC_0059.jpg\" width=\"80%\" height=\"80%\" \/><\/a><\/td>\n<\/tr>\n<tr>\n<td><a href=\"http:\/\/www.ffbopen.de\/wp-content\/uploads\/2013\/02\/DSC_0060.jpg\" target=\"_blank\"><img decoding=\"async\" class=\"aligncenter wp-image-638\" alt=\"tus\" src=\"http:\/\/www.ffbopen.de\/wp-content\/uploads\/2013\/02\/001DSC_0060.jpg\" width=\"80%\" height=\"80%\" \/><\/a><\/td>\n<td><a href=\"http:\/\/www.ffbopen.de\/wp-content\/uploads\/2013\/02\/DSC_0062.jpg\" target=\"_blank\"><img decoding=\"async\" class=\"aligncenter wp-image-638\" alt=\"tus\" src=\"http:\/\/www.ffbopen.de\/wp-content\/uploads\/2013\/02\/001DSC_0062.jpg\" width=\"80%\" height=\"80%\" \/><\/a><\/td>\n<td><a href=\"http:\/\/www.ffbopen.de\/wp-content\/uploads\/2013\/02\/DSC_0063.jpg\" target=\"_blank\"><img decoding=\"async\" class=\"aligncenter wp-image-638\" alt=\"tus\" src=\"http:\/\/www.ffbopen.de\/wp-content\/uploads\/2013\/02\/001DSC_0063.jpg\" width=\"80%\" height=\"80%\" \/><\/a><\/td>\n<\/tr>\n<tr>\n<td><a href=\"http:\/\/www.ffbopen.de\/wp-content\/uploads\/2013\/02\/DSC_0147.jpg\" target=\"_blank\"><img decoding=\"async\" class=\"aligncenter wp-image-638\" alt=\"tus\" src=\"http:\/\/www.ffbopen.de\/wp-content\/uploads\/2013\/02\/001DSC_0147.jpg\" width=\"80%\" height=\"80%\" \/><\/a><\/td>\n<td><a href=\"http:\/\/www.ffbopen.de\/wp-content\/uploads\/2013\/02\/DSC_0152.jpg\" target=\"_blank\"><img decoding=\"async\" class=\"aligncenter wp-image-638\" alt=\"tus\" src=\"http:\/\/www.ffbopen.de\/wp-content\/uploads\/2013\/02\/001DSC_0152.jpg\" width=\"80%\" height=\"80%\" \/><\/a><\/td>\n<td><a href=\"http:\/\/www.ffbopen.de\/wp-content\/uploads\/2013\/02\/DSC_0155.jpg\" target=\"_blank\"><img decoding=\"async\" class=\"aligncenter wp-image-638\" alt=\"tus\" src=\"http:\/\/www.ffbopen.de\/wp-content\/uploads\/2013\/02\/001DSC_0155.jpg\" width=\"80%\" height=\"80%\" \/><\/a><\/td>\n<\/tr>\n<tr>\n<td><a href=\"http:\/\/www.ffbopen.de\/wp-content\/uploads\/2013\/02\/DSC_0158.jpg\" target=\"_blank\"><img decoding=\"async\" class=\"aligncenter wp-image-638\" alt=\"tus\" src=\"http:\/\/www.ffbopen.de\/wp-content\/uploads\/2013\/02\/001DSC_0158.jpg\" width=\"80%\" height=\"80%\" \/><\/a><\/td>\n<td><a href=\"http:\/\/www.ffbopen.de\/wp-content\/uploads\/2013\/02\/DSC_0159.jpg\" target=\"_blank\"><img decoding=\"async\" class=\"aligncenter wp-image-638\" alt=\"tus\" src=\"http:\/\/www.ffbopen.de\/wp-content\/uploads\/2013\/02\/001DSC_0159.jpg\" width=\"80%\" height=\"80%\" \/><\/a><\/td>\n<td><a href=\"http:\/\/www.ffbopen.de\/wp-content\/uploads\/2013\/02\/DSC_0160.jpg\" target=\"_blank\"><img decoding=\"async\" class=\"aligncenter wp-image-638\" alt=\"tus\" src=\"http:\/\/www.ffbopen.de\/wp-content\/uploads\/2013\/02\/001DSC_0160.jpg\" width=\"80%\" height=\"80%\" \/><\/a><\/td>\n<\/tr>\n<tr>\n<td><a href=\"http:\/\/www.ffbopen.de\/wp-content\/uploads\/2013\/02\/DSC_0161.jpg\" target=\"_blank\"><img decoding=\"async\" class=\"aligncenter wp-image-638\" alt=\"tus\" src=\"http:\/\/www.ffbopen.de\/wp-content\/uploads\/2013\/02\/001DSC_0161.jpg\" width=\"80%\" height=\"80%\" \/><\/a><\/td>\n<td><a href=\"http:\/\/www.ffbopen.de\/wp-content\/uploads\/2013\/02\/DSC_0162.jpg\" target=\"_blank\"><img decoding=\"async\" class=\"aligncenter wp-image-638\" alt=\"tus\" src=\"http:\/\/www.ffbopen.de\/wp-content\/uploads\/2013\/02\/001DSC_0162.jpg\" width=\"80%\" height=\"80%\" \/><\/a><\/td>\n<td><a href=\"http:\/\/www.ffbopen.de\/wp-content\/uploads\/2013\/02\/DSC_0165.jpg\" target=\"_blank\"><img decoding=\"async\" class=\"aligncenter wp-image-638\" alt=\"tus\" src=\"http:\/\/www.ffbopen.de\/wp-content\/uploads\/2013\/02\/001DSC_0165.jpg\" width=\"80%\" height=\"80%\" \/><\/a><\/td>\n<\/tr>\n<tr>\n<td><a href=\"http:\/\/www.ffbopen.de\/wp-content\/uploads\/2013\/02\/DSC_0166.jpg\" target=\"_blank\"><img decoding=\"async\" class=\"aligncenter wp-image-638\" alt=\"tus\" src=\"http:\/\/www.ffbopen.de\/wp-content\/uploads\/2013\/02\/001DSC_0166.jpg\" width=\"80%\" height=\"80%\" \/><\/a><\/td>\n<td><a href=\"http:\/\/www.ffbopen.de\/wp-content\/uploads\/2013\/02\/DSC_0167.jpg\" target=\"_blank\"><img decoding=\"async\" class=\"aligncenter wp-image-638\" alt=\"tus\" src=\"http:\/\/www.ffbopen.de\/wp-content\/uploads\/2013\/02\/001DSC_0167.jpg\" width=\"80%\" height=\"80%\" \/><\/a><\/td>\n<td><a href=\"http:\/\/www.ffbopen.de\/wp-content\/uploads\/2013\/02\/DSC_0168.jpg\" target=\"_blank\"><img decoding=\"async\" class=\"aligncenter wp-image-638\" alt=\"tus\" src=\"http:\/\/www.ffbopen.de\/wp-content\/uploads\/2013\/02\/001DSC_0168.jpg\" width=\"80%\" height=\"80%\" \/><\/a><\/td>\n<\/tr>\n<tr>\n<td><a href=\"http:\/\/www.ffbopen.de\/wp-content\/uploads\/2013\/02\/DSC_0169.jpg\" target=\"_blank\"><img decoding=\"async\" class=\"aligncenter wp-image-638\" alt=\"tus\" src=\"http:\/\/www.ffbopen.de\/wp-content\/uploads\/2013\/02\/001DSC_0169.jpg\" width=\"80%\" height=\"80%\" \/><\/a><\/td>\n<td><a href=\"http:\/\/www.ffbopen.de\/wp-content\/uploads\/2013\/02\/DSC_0170.jpg\" target=\"_blank\"><img decoding=\"async\" class=\"aligncenter wp-image-638\" alt=\"tus\" src=\"http:\/\/www.ffbopen.de\/wp-content\/uploads\/2013\/02\/001DSC_0170.jpg\" width=\"80%\" height=\"80%\" \/><\/a><\/td>\n<td><a href=\"http:\/\/www.ffbopen.de\/wp-content\/uploads\/2013\/02\/DSC_0171.jpg\" target=\"_blank\"><img decoding=\"async\" class=\"aligncenter wp-image-638\" alt=\"tus\" src=\"http:\/\/www.ffbopen.de\/wp-content\/uploads\/2013\/02\/001DSC_0171.jpg\" width=\"80%\" height=\"80%\" \/><\/a><\/td>\n<\/tr>\n<tr>\n<td><\/td>\n<td><a href=\"http:\/\/www.ffbopen.de\/wp-content\/uploads\/2013\/02\/DSC_0172.jpg\" target=\"_blank\"><img decoding=\"async\" class=\"aligncenter wp-image-638\" alt=\"tus\" src=\"http:\/\/www.ffbopen.de\/wp-content\/uploads\/2013\/02\/001DSC_0172.jpg\" width=\"80%\" height=\"80%\" \/><\/a><\/td>\n<td><\/td>\n<\/tr>\n<\/tbody>\n<\/table>\n<p style=\"text-align: center;\"><strong>Fotos Siegerehrung<\/strong><\/p>\n<table width=\"100%\">\n<tbody>\n<tr>\n<td><a href=\"http:\/\/www.ffbopen.de\/wp-content\/uploads\/2013\/02\/DSC_0066.jpg\" target=\"_blank\"><img decoding=\"async\" class=\"aligncenter wp-image-638\" alt=\"tus\" src=\"http:\/\/www.ffbopen.de\/wp-content\/uploads\/2013\/02\/001DSC_0066.jpg\" width=\"80%\" height=\"80%\" \/><\/a><\/td>\n<td><a href=\"http:\/\/www.ffbopen.de\/wp-content\/uploads\/2013\/02\/DSC_0067.jpg\" target=\"_blank\"><img decoding=\"async\" class=\"aligncenter wp-image-638\" alt=\"tus\" src=\"http:\/\/www.ffbopen.de\/wp-content\/uploads\/2013\/02\/001DSC_0067.jpg\" width=\"80%\" height=\"80%\" \/><\/a><\/td>\n<td><a href=\"http:\/\/www.ffbopen.de\/wp-content\/uploads\/2013\/02\/DSC_0077.jpg\" target=\"_blank\"><img decoding=\"async\" class=\"aligncenter wp-image-638\" alt=\"tus\" src=\"http:\/\/www.ffbopen.de\/wp-content\/uploads\/2013\/02\/001DSC_0077.jpg\" width=\"80%\" height=\"80%\" \/><\/a><\/td>\n<\/tr>\n<tr>\n<td><a href=\"http:\/\/www.ffbopen.de\/wp-content\/uploads\/2013\/02\/DSC_0078.jpg\" target=\"_blank\"><img decoding=\"async\" class=\"aligncenter wp-image-638\" alt=\"tus\" src=\"http:\/\/www.ffbopen.de\/wp-content\/uploads\/2013\/02\/001DSC_0078.jpg\" width=\"80%\" height=\"80%\" \/><\/a><\/td>\n<td><a href=\"http:\/\/www.ffbopen.de\/wp-content\/uploads\/2013\/02\/DSC_0079.jpg\" target=\"_blank\"><img decoding=\"async\" class=\"aligncenter wp-image-638\" alt=\"tus\" src=\"http:\/\/www.ffbopen.de\/wp-content\/uploads\/2013\/02\/001DSC_0079.jpg\" width=\"80%\" height=\"80%\" \/><\/a><\/td>\n<td><a href=\"http:\/\/www.ffbopen.de\/wp-content\/uploads\/2013\/02\/DSC_0081.jpg\" target=\"_blank\"><img decoding=\"async\" class=\"aligncenter wp-image-638\" alt=\"tus\" src=\"http:\/\/www.ffbopen.de\/wp-content\/uploads\/2013\/02\/001DSC_0081.jpg\" width=\"80%\" height=\"80%\" \/><\/a><\/td>\n<\/tr>\n<tr>\n<td><a href=\"http:\/\/www.ffbopen.de\/wp-content\/uploads\/2013\/02\/DSC_0086.jpg\" target=\"_blank\"><img decoding=\"async\" class=\"aligncenter wp-image-638\" alt=\"tus\" src=\"http:\/\/www.ffbopen.de\/wp-content\/uploads\/2013\/02\/001DSC_0086.jpg\" width=\"80%\" height=\"80%\" \/><\/a><\/td>\n<td><a href=\"http:\/\/www.ffbopen.de\/wp-content\/uploads\/2013\/02\/DSC_0093.jpg\" target=\"_blank\"><img decoding=\"async\" class=\"aligncenter wp-image-638\" alt=\"tus\" src=\"http:\/\/www.ffbopen.de\/wp-content\/uploads\/2013\/02\/001DSC_0093.jpg\" width=\"80%\" height=\"80%\" \/><\/a><\/td>\n<td><a href=\"http:\/\/www.ffbopen.de\/wp-content\/uploads\/2013\/02\/DSC_0094.jpg\" target=\"_blank\"><img decoding=\"async\" class=\"aligncenter wp-image-638\" alt=\"tus\" src=\"http:\/\/www.ffbopen.de\/wp-content\/uploads\/2013\/02\/001DSC_0094.jpg\" width=\"80%\" height=\"80%\" \/><\/a><\/td>\n<\/tr>\n<tr>\n<td><a href=\"http:\/\/www.ffbopen.de\/wp-content\/uploads\/2013\/02\/DSC_0095.jpg\" target=\"_blank\"><img decoding=\"async\" class=\"aligncenter wp-image-638\" alt=\"tus\" src=\"http:\/\/www.ffbopen.de\/wp-content\/uploads\/2013\/02\/001DSC_0095.jpg\" width=\"80%\" height=\"80%\" \/><\/a><\/td>\n<td><a href=\"http:\/\/www.ffbopen.de\/wp-content\/uploads\/2013\/02\/DSC_0096.jpg\" target=\"_blank\"><img decoding=\"async\" class=\"aligncenter wp-image-638\" alt=\"tus\" src=\"http:\/\/www.ffbopen.de\/wp-content\/uploads\/2013\/02\/001DSC_0096.jpg\" width=\"80%\" height=\"80%\" \/><\/a><\/td>\n<td><a href=\"http:\/\/www.ffbopen.de\/wp-content\/uploads\/2013\/02\/DSC_0101.jpg\" target=\"_blank\"><img decoding=\"async\" class=\"aligncenter wp-image-638\" alt=\"tus\" src=\"http:\/\/www.ffbopen.de\/wp-content\/uploads\/2013\/02\/001DSC_0101.jpg\" width=\"80%\" height=\"80%\" \/><\/a><\/td>\n<\/tr>\n<tr>\n<td><\/td>\n<td><a href=\"http:\/\/www.ffbopen.de\/wp-content\/uploads\/2013\/02\/DSC_0106.jpg\" target=\"_blank\"><img decoding=\"async\" class=\"aligncenter wp-image-638\" alt=\"tus\" src=\"http:\/\/www.ffbopen.de\/wp-content\/uploads\/2013\/02\/001DSC_0106.jpg\" width=\"80%\" height=\"80%\" \/><\/a><\/td>\n<td><\/td>\n<\/tr>\n<\/tbody>\n<\/table>\n","protected":false},"excerpt":{"rendered":"<p>Fotos \u00a9 Jessica &amp; Adrian Hirn &#8211; F\u00fcr eine gr\u00f6\u00dfere Version bitte auf das jeweilige Foto klicken! Fotos aus dem Turnier Fotos Siegerehrung<\/p>\n","protected":false},"author":1,"featured_media":0,"parent":0,"menu_order":6,"comment_status":"closed","ping_status":"closed","template":"full-width-page.php","meta":{"footnotes":""},"class_list":["post-17","page","type-page","status-publish","hentry"],"_links":{"self":[{"href":"https:\/\/www.ffbopen.de\/index.php?rest_route=\/wp\/v2\/pages\/17","targetHints":{"allow":["GET"]}}],"collection":[{"href":"https:\/\/www.ffbopen.de\/index.php?rest_route=\/wp\/v2\/pages"}],"about":[{"href":"https:\/\/www.ffbopen.de\/index.php?rest_route=\/wp\/v2\/types\/page"}],"author":[{"embeddable":true,"href":"https:\/\/www.ffbopen.de\/index.php?rest_route=\/wp\/v2\/users\/1"}],"replies":[{"embeddable":true,"href":"https:\/\/www.ffbopen.de\/index.php?rest_route=%2Fwp%2Fv2%2Fcomments&post=17"}],"version-history":[{"count":31,"href":"https:\/\/www.ffbopen.de\/index.php?rest_route=\/wp\/v2\/pages\/17\/revisions"}],"predecessor-version":[{"id":57,"href":"https:\/\/www.ffbopen.de\/index.php?rest_route=\/wp\/v2\/pages\/17\/revisions\/57"}],"wp:attachment":[{"href":"https:\/\/www.ffbopen.de\/index.php?rest_route=%2Fwp%2Fv2%2Fmedia&parent=17"}],"curies":[{"name":"wp","href":"https:\/\/api.w.org\/{rel}","templated":true}]}}