{"id":12,"date":"2012-12-07T00:25:13","date_gmt":"2012-12-06T22:25:13","guid":{"rendered":"http:\/\/www.ffbopen.de\/?page_id=12"},"modified":"2012-12-17T22:00:02","modified_gmt":"2012-12-17T20:00:02","slug":"lageplan-und-anfahrt","status":"publish","type":"page","link":"https:\/\/www.ffbopen.de\/?page_id=12","title":{"rendered":"Lageplan&#038;Anfahrt"},"content":{"rendered":"<p style=\"text-align: center;\"><strong>Lage der Marthabr\u00e4uhalle in F\u00fcrstenfeldbruck:<\/strong><\/p>\n\n<p><strong>Anfahrt mit dem PKW:<\/strong><\/p>\n<ul>\n<li>\u00fcber die Autobahn A8, Ausfahrt Dachau\/F\u00fcrstenfeldbruck<\/li>\n<li>\u00fcber die Autobahn A96, Ausfahrt Germering-S\u00fcd oder Inning<\/li>\n<li>\u00fcber die Bundesstra\u00dfe B2 von Augsburg oder M\u00fcnchen<\/li>\n<\/ul>\n<div>Klicken Sie f\u00fcr eine Routenberechnung auf den Standortpfeil in der Karte und anschlie\u00dfend auf &#8222;Wegbeschreibung&#8220;.<\/div>\n<p><strong>Anfahrt mit dem \u00d6PNV:<\/strong><\/p>\n<p>Vom M\u00fcnchner Hbf mit der S4 Richtung Geltendorf bis F\u00fcrstenfeldbruck fahren, dann mit der Linie 839 Richtung Tegernbach oder mit der Linie 845 Richtung Fliegerhorst bis zur Haltestelle Kapellenstr. fahren. Von dort aus l\u00e4uft man eine Minute zum Spiellokal. Fahrplanauskunft auf der <a href=\"http:\/\/www.mvv-muenchen.de\/\" target=\"_blank\">Seite der M\u00fcnchner Verkehrsbetriebe<\/a> (als Zielpunkt F\u00fcrstenfeldbruck Kapellenstr. eingeben). Bitte beachten: F\u00fcrstenfeldbruck liegt im MVV-Au\u00dfenraum.<\/p>\n","protected":false},"excerpt":{"rendered":"<p>Lage der Marthabr\u00e4uhalle in F\u00fcrstenfeldbruck: Anfahrt mit dem PKW: \u00fcber die Autobahn A8, Ausfahrt Dachau\/F\u00fcrstenfeldbruck \u00fcber die Autobahn A96, Ausfahrt Germering-S\u00fcd oder Inning \u00fcber die Bundesstra\u00dfe B2 von Augsburg oder M\u00fcnchen Klicken Sie f\u00fcr eine Routenberechnung auf den Standortpfeil in der Karte und anschlie\u00dfend auf &#8222;Wegbeschreibung&#8220;. Anfahrt mit dem \u00d6PNV: Vom M\u00fcnchner Hbf mit der [&hellip;]<\/p>\n","protected":false},"author":1,"featured_media":0,"parent":0,"menu_order":4,"comment_status":"closed","ping_status":"closed","template":"full-width-page.php","meta":{"footnotes":""},"class_list":["post-12","page","type-page","status-publish","hentry"],"_links":{"self":[{"href":"https:\/\/www.ffbopen.de\/index.php?rest_route=\/wp\/v2\/pages\/12","targetHints":{"allow":["GET"]}}],"collection":[{"href":"https:\/\/www.ffbopen.de\/index.php?rest_route=\/wp\/v2\/pages"}],"about":[{"href":"https:\/\/www.ffbopen.de\/index.php?rest_route=\/wp\/v2\/types\/page"}],"author":[{"embeddable":true,"href":"https:\/\/www.ffbopen.de\/index.php?rest_route=\/wp\/v2\/users\/1"}],"replies":[{"embeddable":true,"href":"https:\/\/www.ffbopen.de\/index.php?rest_route=%2Fwp%2Fv2%2Fcomments&post=12"}],"version-history":[{"count":10,"href":"https:\/\/www.ffbopen.de\/index.php?rest_route=\/wp\/v2\/pages\/12\/revisions"}],"predecessor-version":[{"id":122,"href":"https:\/\/www.ffbopen.de\/index.php?rest_route=\/wp\/v2\/pages\/12\/revisions\/122"}],"wp:attachment":[{"href":"https:\/\/www.ffbopen.de\/index.php?rest_route=%2Fwp%2Fv2%2Fmedia&parent=12"}],"curies":[{"name":"wp","href":"https:\/\/api.w.org\/{rel}","templated":true}]}}